and 4?
4
What is the highest common factor of 1813 and 49?
49
What is the greatest common divisor of 352 and 1903?
11
Calculate the greatest common divisor of 20 and 805.
5
Calculate the highest common divisor of 329 and 14.
7
What is the greatest common factor of 162 and 252?
18
Calculate the highest common factor of 486 and 270.
54
Calculate the greatest common factor of 32 and 2512.
16
Calculate the highest common divisor of 568 and 1207.
71
Calculate the highest common divisor of 830 and 120.
10
What is the greatest common factor of 4392 and 144?
72
Calculate the highest common factor of 1757 and 7.
7
What is the highest common divisor of 681 and 2270?
227
What is the greatest common divisor of 4025 and 25?
25
Calculate the greatest common divisor of 342 and 54.
18
What is the highest common factor of 122 and 4?
2
Calculate the highest common divisor of 5 and 35.
5
What is the greatest common factor of 448 and 126?
14
Calculate the highest common divisor of 99 and 9.
9
What is the highest common divisor of 176 and 16?
16
Calculate the greatest common divisor of 13 and 2119.
13
Calculate the highest common divisor of 66 and 3534.
6
Calculate the greatest common factor of 1570 and 1884.
314
Calculate the highest common factor of 735 and 70.
35
Calculate the greatest common divisor of 26 and 221.
13
Calculate the highest common divisor of 50 and 775.
25
What is the greatest common factor of 549 and 5856?
183
What is the highest common divisor of 112 and 35?
7
What is the highest common divisor of 291 and 2?
1
What is the highest common divisor of 23 and 943?
23
Calculate the highest common factor of 6157 and 141.
47
What is the greatest common divisor of 2187 and 9?
9
Calculate the greatest common factor of 302 and 6.
2
Calculate the highest common factor of 31 and 279.
31
Calculate the greatest common divisor of 105240 and 120.
120
Calculate the greatest common divisor of 768 and 12.
12
What is the greatest common divisor of 135 and 6831?
27
What is the highest common divisor of 234 and 338?
26
Calculate the greatest common factor of 75 and 3.
3
Calculate the greatest common factor of 30 and 1545.
15
Calculate the greatest common factor of 3844 and 279.
31
What is the greatest common divisor of 665 and 3535?
35
Calculate the highest common factor of 8 and 88.
8
What is the highest common factor of 2883 and 651?
93
What is the greatest common divisor of 1408 and 154?
22
What is the highest common divisor of 405 and 3510?
135
Calculate the greatest common factor of 145 and 10.
5
Calculate the highest common factor of 2929 and 202.
101
Calculate the greatest common divisor of 35 and 1540.
35
What is the highest common factor of 66 and 1166?
22
Calculate the highest common factor of 273 and 143.
13
Calculate the greatest common divisor of 54 and 66.
6
What is the greatest common factor of 117 and 6?
3
What is the highest common factor of 38 and 646?
38
What is the highest common factor of 161 and 437?
23
What is the greatest common divisor of 64 and 944?
16
Calculate the greatest common divisor of 39 and 13.
13
Calculate the greatest common divisor of 1808 and 16.
16
Calculate the highest common divisor of 27 and 2943.
27
What is the highest common divisor of 730 and 10?
10
What is the highest common divisor of 513 and 558?
9
What is the highest common factor of 270 and 60?
30
What is the highest common factor of 13 and 3?
1
What is the highest common factor of 198 and 1914?
66
Calculate the greatest common divisor of 100 and 75.
25
What is the highest common factor of 555 and 6?
3
Calculate the highest common factor of 9779 and 11.
11
What is the highest common divisor of 186 and 24?
6
What is the greatest common factor of 7324 and 4?
4
What is the greatest common divisor of 9576 and 56?
56
What is the highest common divisor of 31 and 4154?
31
Calculate the greatest common factor of 480 and 1860.
60
What is the greatest common factor of 624 and 48?
48
What is the greatest common factor of 187 and 204?
17
Calculate the greatest common factor of 781 and 33.
11
What is the highest common divisor of 14 and 1834?
14
What is the greatest common factor of 15 and 33?
3
What is the highest common divisor of 3757 and 91?
13
What is the greatest common factor of 39 and 1833?
39
What is the greatest common factor of 136 and 102?
34
What is the highest common divisor of 715 and 605?
55
What is the greatest common factor of 16 and 16?
16
Calculate the highest common divisor of 100 and 2.
2
What is the greatest common factor of 3390 and 12?
6
What is the highest common divisor of 30 and 294?
6
Calculate the highest common factor of 30 and 210.
30
What is the highest common factor of 105 and 15?
15
Calculate the highest common divisor of 198 and 22.
22
What is the highest common divisor of 32127 and 3?
3
Calculate the greatest common divisor of 814 and 55.
11
What is the highest common factor of 814 and 110?
22
What is the highest common divisor of 252 and 63?
63
Calculate the highest common divisor of 37596 and 156.
156
Calculate the highest common factor of 252 and 1638.
126
Calculate the highest common factor of 450 and 100.
50
What is the highest common factor of 98 and 1519?
49
Calculate the greatest common factor of 28395 and 9.
9
What is the highest common divisor of 136 and 24?
8
What is the highest common divisor of 2244 and 2108?
68
What is the highest common divisor of 3072 and 24?
24
What is the highest common factor of 10 and 35?
5
Calculate the greatest common factor of 196 and 4.
4
Calculate the highest common factor of 25 and 425.
25
What is the greatest common factor of 30 and 40?
10
What is the highest common divisor of 26 and 377?
13
What is the greatest common factor of 36 and 90?
18
What is the highest common divisor of 8 and 24?
8
Calculate the highest common divisor of 267 and 445.
89
Calculate the greatest common factor of 68 and 68.
68
What is the highest common factor of 5460 and 10?
10
Calculate the highest common factor of 45 and 1545.
15
Calculate the highest common divisor of 242 and 44.
22
What is the greatest common factor of 40 and 104?
8
Calculate the greatest common divisor of 25766 and 26.
26
Calculate the greatest common divisor of 100 and 8300.
100
What is the greatest common divisor of 117 and 78?
39
Calculate the greatest common divisor of 5695 and 335.
335
What is the highest common factor of 4 and 68?
4
Calculate the greatest common factor of 4 and 844.
4
Calculate the greatest common factor of 160 and 2688.
32
Calculate the highest common factor of 10 and 45.
5
Calculate the greatest common factor of 20 and 124.
4
Calculate the highest common factor of 187 and 51.
17
What is the highest common factor of 75 and 675?
75
What is the greatest common divisor of 9 and 3771?
9
Calculate the highest common factor of 252 and 672.
84
Calculate the greatest common factor of 133 and 513.
19
What is the highest common factor of 9 and 9?
9
Calculate the greatest common divisor of 56322 and 126.
126
Calculate the greatest common factor of 38 and 3382.
38
Calculate the highest common divisor of 105 and 399.
21
Calculate the greatest common divisor of 27772 and 212.
212
Calculate the greatest common factor of 79 and 60356.
79
What is the greatest common factor of 44 and 35068?
44
What is the highest common divisor of 24 and 4984?
8
What is the greatest common divisor of 2085 and 15?
15
What is the highest common factor of 222 and 111?
111
Calculate the highest common factor of 13 and 8.
1
Calculate the greatest common divisor of 61 and 244.
61
What is the highest common divisor of 154 and 66?
22
What is the highest common divisor of 3333 and 132?
33
Calculate the greatest common divisor of 825 and 120.
15
What is the greatest common factor of 750 and 1650?
150
What is the highest common factor of 475 and 1976?
19
What is the highest common divisor of 2 and 280?
2
Calculate the greatest common divisor of 16 and 632.
8
Calculate the highest common divisor of 98 and 266.
14
Calculate the highest common factor of 287 and 9471.
287
What is the greatest common factor of 17 and 2873?
17
What is the greatest common factor of 26 and 494?
26
What is the highest common divisor of 12699 and 153?
153
Calculate the greatest common divisor of 3